{"id":2917,"date":"2024-08-14T11:20:55","date_gmt":"2024-08-14T09:20:55","guid":{"rendered":"https:\/\/arcointernational.it\/arco-international\/prodotti\/%category%\/sistema-di-etichettamento\/"},"modified":"2025-08-23T08:51:04","modified_gmt":"2025-08-23T06:51:04","slug":"systeme-detiquetage","status":"publish","type":"arco_prod","link":"https:\/\/arcointernational.it\/fr\/arco-international\/prodotti\/machines-complementaires-speciales\/systeme-detiquetage\/","title":{"rendered":"SYST\u00c8ME D&rsquo;\u00c9TIQUETAGE"},"content":{"rendered":"\n<p>Notre <strong>\u00e9tiqueteuse<\/strong> a \u00e9t\u00e9 d\u00e9velopp\u00e9e pour r\u00e9pondre \u00e0 l\u2019exigence croissant d&rsquo;optimiser la logistique dans des cycles de production de plus en plus dynamiques et complexes.<br>Il s&rsquo;agit d&rsquo;un syst\u00e8me avanc\u00e9, int\u00e9gr\u00e9 dans la gestion \u00e9lectronique de la production, qui garantit l&rsquo;\u00e9tiquetage pr\u00e9cis de chaque panneau produit, car dans un processus efficace, rien ne peut \u00eatre laiss\u00e9 au hasard.<\/p>\n\n\n\n<p>Cet outil permet de personnaliser chaque d\u00e9tail des \u00e9tiquettes, en offrant la possibilit\u00e9 de d\u00e9finir la commande, les dimensions et les types d&rsquo;informations \u00e0 mettre en \u00e9vidence sur les panneaux. Ainsi, toutes les informations entrantes et sortantes restent claires et sans \u00e9quivoque, ce qui contribue \u00e0 am\u00e9liorer la tra\u00e7abilit\u00e9 et la gestion des produits tout au long du cycle de production.<\/p>\n\n\n\n<ul class=\"wp-block-list\">\n<li>Support imprimante en ALUMINIUM anodis\u00e9 NOIR<\/li>\n\n\n\n<li>T\u00eate d&rsquo;impression <strong>CAB PX4 O pour imprimante \u00e0 transfert thermique ZEBRA<\/strong><\/li>\n\n\n\n<li>Syst\u00e8me \u00e9quip\u00e9 de <strong>protections de s\u00e9curit\u00e9<\/strong><\/li>\n\n\n\n<li><strong>Tol\u00e9rance<\/strong> d&rsquo;application de l&rsquo;\u00e9tiquette \u00e0 pleine vitesse de <strong>0,5 mm<\/strong><\/li>\n\n\n\n<li>Cylindre pneumatique, complet avec support plaque d&rsquo;aspiration, avec rouleau \u00e9carteur \u00e0 l&rsquo;extr\u00e9mit\u00e9 pour l&rsquo;application lat\u00e9rale<\/li>\n\n\n\n<li>Dimensions de l&rsquo;\u00e9tiquette \u00e0 d\u00e9finir, 150X210 et 150X300 (AVEC DOUBLE CHAMBRE D&rsquo;AIR)<\/li>\n\n\n\n<li>Photocellule pour la commande de d\u00e9marrage du cycle en pr\u00e9sence du produit<\/li>\n\n\n\n<li>\u00c9lectronique pour la gestion du cycle d&rsquo;impression et d&rsquo;application<\/li>\n\n\n\n<li>Bouton d&rsquo;URGENCE<\/li>\n\n\n\n<li><strong>Groupe de micro-vannes SMC, ou FESTO sur demande<\/strong><\/li>\n\n\n\n<li>Groupe de <strong>capteurs de fin de course<\/strong><\/li>\n\n\n\n<li><strong>R\u00e9gulateur de pression d&rsquo;air comprim\u00e9<\/strong> avec manom\u00e8tre et filtre \u00e0 cinq microns<\/li>\n\n\n\n<li><strong>Panneau de commande<\/strong> contr\u00f4l\u00e9 par microprocesseur<\/li>\n\n\n\n<li><strong>Display lumineux<\/strong> indiquant : TYPE DE CYCLE (3 possibilit\u00e9s) D\u00c9LAI D&rsquo;IMPRESSION, TEMPS DE LANCEMENT, \u00c9TIQUETTE, COMPTEUR D&rsquo;\u00c9TIQUETTES<\/li>\n<\/ul>\n","protected":false},"featured_media":2918,"template":"","meta":{"_acf_changed":false,"footnotes":""},"class_list":["post-2917","arco_prod","type-arco_prod","status-publish","has-post-thumbnail","hentry"],"acf":[],"yoast_head":"<!-- This site is optimized with the Yoast SEO plugin v26.7 - https:\/\/yoast.com\/wordpress\/plugins\/seo\/ -->\n<title>SYST\u00c8ME D&#039;\u00c9TIQUETAGE - Arco international<\/title>\n<meta name=\"robots\" content=\"index, follow, max-snippet:-1, max-image-preview:large, max-video-preview:-1\" \/>\n<link rel=\"canonical\" href=\"https:\/\/arcointernational.it\/fr\/arco-international\/prodotti\/machines-complementaires-speciales\/systeme-detiquetage\/\" \/>\n<meta property=\"og:locale\" content=\"fr_FR\" \/>\n<meta property=\"og:type\" content=\"article\" \/>\n<meta property=\"og:title\" content=\"SYST\u00c8ME D&#039;\u00c9TIQUETAGE - Arco international\" \/>\n<meta property=\"og:description\" content=\"Notre \u00e9tiqueteuse a \u00e9t\u00e9 d\u00e9velopp\u00e9e pour r\u00e9pondre \u00e0 l\u2019exigence croissant d&rsquo;optimiser la logistique dans des cycles de production...\" \/>\n<meta property=\"og:url\" content=\"https:\/\/arcointernational.it\/fr\/arco-international\/prodotti\/machines-complementaires-speciales\/systeme-detiquetage\/\" \/>\n<meta property=\"og:site_name\" content=\"Arco international\" \/>\n<meta property=\"article:modified_time\" content=\"2025-08-23T06:51:04+00:00\" \/>\n<meta property=\"og:image\" content=\"https:\/\/arcointernational.it\/wp-content\/uploads\/2024\/09\/Etichettatrice_1860.jpg\" \/>\n\t<meta property=\"og:image:width\" content=\"650\" \/>\n\t<meta property=\"og:image:height\" content=\"1312\" \/>\n\t<meta property=\"og:image:type\" content=\"image\/jpeg\" \/>\n<script type=\"application\/ld+json\" class=\"yoast-schema-graph\">{\"@context\":\"https:\/\/schema.org\",\"@graph\":[{\"@type\":\"WebPage\",\"@id\":\"https:\/\/arcointernational.it\/fr\/arco-international\/prodotti\/machines-complementaires-speciales\/systeme-detiquetage\/\",\"url\":\"https:\/\/arcointernational.it\/fr\/arco-international\/prodotti\/machines-complementaires-speciales\/systeme-detiquetage\/\",\"name\":\"SYST\u00c8ME D'\u00c9TIQUETAGE - Arco international\",\"isPartOf\":{\"@id\":\"https:\/\/arcointernational.it\/fr\/#website\"},\"primaryImageOfPage\":{\"@id\":\"https:\/\/arcointernational.it\/fr\/arco-international\/prodotti\/machines-complementaires-speciales\/systeme-detiquetage\/#primaryimage\"},\"image\":{\"@id\":\"https:\/\/arcointernational.it\/fr\/arco-international\/prodotti\/machines-complementaires-speciales\/systeme-detiquetage\/#primaryimage\"},\"thumbnailUrl\":\"https:\/\/arcointernational.it\/wp-content\/uploads\/2024\/09\/Etichettatrice_1860.jpg\",\"datePublished\":\"2024-08-14T09:20:55+00:00\",\"dateModified\":\"2025-08-23T06:51:04+00:00\",\"breadcrumb\":{\"@id\":\"https:\/\/arcointernational.it\/fr\/arco-international\/prodotti\/machines-complementaires-speciales\/systeme-detiquetage\/#breadcrumb\"},\"inLanguage\":\"fr-FR\",\"potentialAction\":[{\"@type\":\"ReadAction\",\"target\":[\"https:\/\/arcointernational.it\/fr\/arco-international\/prodotti\/machines-complementaires-speciales\/systeme-detiquetage\/\"]}]},{\"@type\":\"ImageObject\",\"inLanguage\":\"fr-FR\",\"@id\":\"https:\/\/arcointernational.it\/fr\/arco-international\/prodotti\/machines-complementaires-speciales\/systeme-detiquetage\/#primaryimage\",\"url\":\"https:\/\/arcointernational.it\/wp-content\/uploads\/2024\/09\/Etichettatrice_1860.jpg\",\"contentUrl\":\"https:\/\/arcointernational.it\/wp-content\/uploads\/2024\/09\/Etichettatrice_1860.jpg\",\"width\":650,\"height\":1312},{\"@type\":\"BreadcrumbList\",\"@id\":\"https:\/\/arcointernational.it\/fr\/arco-international\/prodotti\/machines-complementaires-speciales\/systeme-detiquetage\/#breadcrumb\",\"itemListElement\":[{\"@type\":\"ListItem\",\"position\":1,\"name\":\"Home\",\"item\":\"https:\/\/arcointernational.it\/fr\/\"},{\"@type\":\"ListItem\",\"position\":2,\"name\":\"Produits\",\"item\":\"https:\/\/arcointernational.it\/fr\/arco-international\/prodotti\/\"},{\"@type\":\"ListItem\",\"position\":3,\"name\":\"SYST\u00c8ME D&#8217;\u00c9TIQUETAGE\"}]},{\"@type\":\"WebSite\",\"@id\":\"https:\/\/arcointernational.it\/fr\/#website\",\"url\":\"https:\/\/arcointernational.it\/fr\/\",\"name\":\"Arco international\",\"description\":\"Installations de d\u00e9coupe et de granulation\",\"potentialAction\":[{\"@type\":\"SearchAction\",\"target\":{\"@type\":\"EntryPoint\",\"urlTemplate\":\"https:\/\/arcointernational.it\/fr\/?s={search_term_string}\"},\"query-input\":{\"@type\":\"PropertyValueSpecification\",\"valueRequired\":true,\"valueName\":\"search_term_string\"}}],\"inLanguage\":\"fr-FR\"}]}<\/script>\n<!-- \/ Yoast SEO plugin. -->","yoast_head_json":{"title":"SYST\u00c8ME D'\u00c9TIQUETAGE - Arco international","robots":{"index":"index","follow":"follow","max-snippet":"max-snippet:-1","max-image-preview":"max-image-preview:large","max-video-preview":"max-video-preview:-1"},"canonical":"https:\/\/arcointernational.it\/fr\/arco-international\/prodotti\/machines-complementaires-speciales\/systeme-detiquetage\/","og_locale":"fr_FR","og_type":"article","og_title":"SYST\u00c8ME D'\u00c9TIQUETAGE - Arco international","og_description":"Notre \u00e9tiqueteuse a \u00e9t\u00e9 d\u00e9velopp\u00e9e pour r\u00e9pondre \u00e0 l\u2019exigence croissant d&rsquo;optimiser la logistique dans des cycles de production...","og_url":"https:\/\/arcointernational.it\/fr\/arco-international\/prodotti\/machines-complementaires-speciales\/systeme-detiquetage\/","og_site_name":"Arco international","article_modified_time":"2025-08-23T06:51:04+00:00","og_image":[{"width":650,"height":1312,"url":"https:\/\/arcointernational.it\/wp-content\/uploads\/2024\/09\/Etichettatrice_1860.jpg","type":"image\/jpeg"}],"schema":{"@context":"https:\/\/schema.org","@graph":[{"@type":"WebPage","@id":"https:\/\/arcointernational.it\/fr\/arco-international\/prodotti\/machines-complementaires-speciales\/systeme-detiquetage\/","url":"https:\/\/arcointernational.it\/fr\/arco-international\/prodotti\/machines-complementaires-speciales\/systeme-detiquetage\/","name":"SYST\u00c8ME D'\u00c9TIQUETAGE - Arco international","isPartOf":{"@id":"https:\/\/arcointernational.it\/fr\/#website"},"primaryImageOfPage":{"@id":"https:\/\/arcointernational.it\/fr\/arco-international\/prodotti\/machines-complementaires-speciales\/systeme-detiquetage\/#primaryimage"},"image":{"@id":"https:\/\/arcointernational.it\/fr\/arco-international\/prodotti\/machines-complementaires-speciales\/systeme-detiquetage\/#primaryimage"},"thumbnailUrl":"https:\/\/arcointernational.it\/wp-content\/uploads\/2024\/09\/Etichettatrice_1860.jpg","datePublished":"2024-08-14T09:20:55+00:00","dateModified":"2025-08-23T06:51:04+00:00","breadcrumb":{"@id":"https:\/\/arcointernational.it\/fr\/arco-international\/prodotti\/machines-complementaires-speciales\/systeme-detiquetage\/#breadcrumb"},"inLanguage":"fr-FR","potentialAction":[{"@type":"ReadAction","target":["https:\/\/arcointernational.it\/fr\/arco-international\/prodotti\/machines-complementaires-speciales\/systeme-detiquetage\/"]}]},{"@type":"ImageObject","inLanguage":"fr-FR","@id":"https:\/\/arcointernational.it\/fr\/arco-international\/prodotti\/machines-complementaires-speciales\/systeme-detiquetage\/#primaryimage","url":"https:\/\/arcointernational.it\/wp-content\/uploads\/2024\/09\/Etichettatrice_1860.jpg","contentUrl":"https:\/\/arcointernational.it\/wp-content\/uploads\/2024\/09\/Etichettatrice_1860.jpg","width":650,"height":1312},{"@type":"BreadcrumbList","@id":"https:\/\/arcointernational.it\/fr\/arco-international\/prodotti\/machines-complementaires-speciales\/systeme-detiquetage\/#breadcrumb","itemListElement":[{"@type":"ListItem","position":1,"name":"Home","item":"https:\/\/arcointernational.it\/fr\/"},{"@type":"ListItem","position":2,"name":"Produits","item":"https:\/\/arcointernational.it\/fr\/arco-international\/prodotti\/"},{"@type":"ListItem","position":3,"name":"SYST\u00c8ME D&#8217;\u00c9TIQUETAGE"}]},{"@type":"WebSite","@id":"https:\/\/arcointernational.it\/fr\/#website","url":"https:\/\/arcointernational.it\/fr\/","name":"Arco international","description":"Installations de d\u00e9coupe et de granulation","potentialAction":[{"@type":"SearchAction","target":{"@type":"EntryPoint","urlTemplate":"https:\/\/arcointernational.it\/fr\/?s={search_term_string}"},"query-input":{"@type":"PropertyValueSpecification","valueRequired":true,"valueName":"search_term_string"}}],"inLanguage":"fr-FR"}]}},"_links":{"self":[{"href":"https:\/\/arcointernational.it\/fr\/wp-json\/wp\/v2\/arco_prod\/2917","targetHints":{"allow":["GET"]}}],"collection":[{"href":"https:\/\/arcointernational.it\/fr\/wp-json\/wp\/v2\/arco_prod"}],"about":[{"href":"https:\/\/arcointernational.it\/fr\/wp-json\/wp\/v2\/types\/arco_prod"}],"version-history":[{"count":2,"href":"https:\/\/arcointernational.it\/fr\/wp-json\/wp\/v2\/arco_prod\/2917\/revisions"}],"predecessor-version":[{"id":3206,"href":"https:\/\/arcointernational.it\/fr\/wp-json\/wp\/v2\/arco_prod\/2917\/revisions\/3206"}],"wp:featuredmedia":[{"embeddable":true,"href":"https:\/\/arcointernational.it\/fr\/wp-json\/wp\/v2\/media\/2918"}],"wp:attachment":[{"href":"https:\/\/arcointernational.it\/fr\/wp-json\/wp\/v2\/media?parent=2917"}],"curies":[{"name":"wp","href":"https:\/\/api.w.org\/{rel}","templated":true}]}}

SYSTÈME D&rsquo;ÉTIQUETAGE

<p>Notre <strong>étiqueteuse</strong> a été développée pour répondre à l’exigence croissant d&rsquo;optimiser la logistique dans des cycles de production de plus en plus dynamiques et complexes.<br>Il s&rsquo;agit d&rsquo;un système avancé, intégré dans la gestion électronique de la production, qui garantit l&rsquo;étiquetage précis de chaque panneau produit, car dans un processus efficace, rien ne peut être laissé au hasard.</p>



<p>Cet outil permet de personnaliser chaque détail des étiquettes, en offrant la possibilité de définir la commande, les dimensions et les types d&rsquo;informations à mettre en évidence sur les panneaux. Ainsi, toutes les informations entrantes et sortantes restent claires et sans équivoque, ce qui contribue à améliorer la traçabilité et la gestion des produits tout au long du cycle de production.</p>



<ul class="wp-block-list">
<li>Support imprimante en ALUMINIUM anodisé NOIR</li>



<li>Tête d&rsquo;impression <strong>CAB PX4 O pour imprimante à transfert thermique ZEBRA</strong></li>



<li>Système équipé de <strong>protections de sécurité</strong></li>



<li><strong>Tolérance</strong> d&rsquo;application de l&rsquo;étiquette à pleine vitesse de <strong>0,5 mm</strong></li>



<li>Cylindre pneumatique, complet avec support plaque d&rsquo;aspiration, avec rouleau écarteur à l&rsquo;extrémité pour l&rsquo;application latérale</li>



<li>Dimensions de l&rsquo;étiquette à définir, 150X210 et 150X300 (AVEC DOUBLE CHAMBRE D&rsquo;AIR)</li>



<li>Photocellule pour la commande de démarrage du cycle en présence du produit</li>



<li>Électronique pour la gestion du cycle d&rsquo;impression et d&rsquo;application</li>



<li>Bouton d&rsquo;URGENCE</li>



<li><strong>Groupe de micro-vannes SMC, ou FESTO sur demande</strong></li>



<li>Groupe de <strong>capteurs de fin de course</strong></li>



<li><strong>Régulateur de pression d&rsquo;air comprimé</strong> avec manomètre et filtre à cinq microns</li>



<li><strong>Panneau de commande</strong> contrôlé par microprocesseur</li>



<li><strong>Display lumineux</strong> indiquant : TYPE DE CYCLE (3 possibilités) DÉLAI D&rsquo;IMPRESSION, TEMPS DE LANCEMENT, ÉTIQUETTE, COMPTEUR D&rsquo;ÉTIQUETTES</li>
</ul>

<!-- This site is optimized with the Yoast SEO plugin v26.7 - https://yoast.com/wordpress/plugins/seo/ -->
<title>SYSTÈME D&#039;ÉTIQUETAGE - Arco international</title>
<meta name="robots" content="index, follow, max-snippet:-1, max-image-preview:large, max-video-preview:-1" />
<link rel="canonical" href="https://arcointernational.it/fr/arco-international/prodotti/machines-complementaires-speciales/systeme-detiquetage/" />
<meta property="og:locale" content="fr_FR" />
<meta property="og:type" content="article" />
<meta property="og:title" content="SYSTÈME D&#039;ÉTIQUETAGE - Arco international" />
<meta property="og:description" content="Notre étiqueteuse a été développée pour répondre à l’exigence croissant d&rsquo;optimiser la logistique dans des cycles de production..." />
<meta property="og:url" content="https://arcointernational.it/fr/arco-international/prodotti/machines-complementaires-speciales/systeme-detiquetage/" />
<meta property="og:site_name" content="Arco international" />
<meta property="article:modified_time" content="2025-08-23T06:51:04+00:00" />
<meta property="og:image" content="https://arcointernational.it/wp-content/uploads/2024/09/Etichettatrice_1860.jpg" />
	<meta property="og:image:width" content="650" />
	<meta property="og:image:height" content="1312" />
	<meta property="og:image:type" content="image/jpeg" />
<script type="application/ld+json" class="yoast-schema-graph">{"@context":"https://schema.org","@graph":[{"@type":"WebPage","@id":"https://arcointernational.it/fr/arco-international/prodotti/machines-complementaires-speciales/systeme-detiquetage/","url":"https://arcointernational.it/fr/arco-international/prodotti/machines-complementaires-speciales/systeme-detiquetage/","name":"SYSTÈME D'ÉTIQUETAGE - Arco international","isPartOf":{"@id":"https://arcointernational.it/fr/#website"},"primaryImageOfPage":{"@id":"https://arcointernational.it/fr/arco-international/prodotti/machines-complementaires-speciales/systeme-detiquetage/#primaryimage"},"image":{"@id":"https://arcointernational.it/fr/arco-international/prodotti/machines-complementaires-speciales/systeme-detiquetage/#primaryimage"},"thumbnailUrl":"https://arcointernational.it/wp-content/uploads/2024/09/Etichettatrice_1860.jpg","datePublished":"2024-08-14T09:20:55+00:00","dateModified":"2025-08-23T06:51:04+00:00","breadcrumb":{"@id":"https://arcointernational.it/fr/arco-international/prodotti/machines-complementaires-speciales/systeme-detiquetage/#breadcrumb"},"inLanguage":"fr-FR","potentialAction":[{"@type":"ReadAction","target":["https://arcointernational.it/fr/arco-international/prodotti/machines-complementaires-speciales/systeme-detiquetage/"]}]},{"@type":"ImageObject","inLanguage":"fr-FR","@id":"https://arcointernational.it/fr/arco-international/prodotti/machines-complementaires-speciales/systeme-detiquetage/#primaryimage","url":"https://arcointernational.it/wp-content/uploads/2024/09/Etichettatrice_1860.jpg","contentUrl":"https://arcointernational.it/wp-content/uploads/2024/09/Etichettatrice_1860.jpg","width":650,"height":1312},{"@type":"BreadcrumbList","@id":"https://arcointernational.it/fr/arco-international/prodotti/machines-complementaires-speciales/systeme-detiquetage/#breadcrumb","itemListElement":[{"@type":"ListItem","position":1,"name":"Home","item":"https://arcointernational.it/fr/"},{"@type":"ListItem","position":2,"name":"Produits","item":"https://arcointernational.it/fr/arco-international/prodotti/"},{"@type":"ListItem","position":3,"name":"SYSTÈME D&#8217;ÉTIQUETAGE"}]},{"@type":"WebSite","@id":"https://arcointernational.it/fr/#website","url":"https://arcointernational.it/fr/","name":"Arco international","description":"Installations de découpe et de granulation","potentialAction":[{"@type":"SearchAction","target":{"@type":"EntryPoint","urlTemplate":"https://arcointernational.it/fr/?s={search_term_string}"},"query-input":{"@type":"PropertyValueSpecification","valueRequired":true,"valueName":"search_term_string"}}],"inLanguage":"fr-FR"}]}</script>
<!-- / Yoast SEO plugin. -->

SYSTÈME D'ÉTIQUETAGE - Arco international

Notre étiqueteuse a été développée pour répondre à l’exigence croissant d&rsquo;optimiser la logistique dans des cycles de production...

SYSTÈME D&#8217;ÉTIQUETAGE

Installations de découpe et de granulation
